{"id":2029,"date":"2016-11-11T10:29:11","date_gmt":"2016-11-11T07:29:11","guid":{"rendered":"http:\/\/arkas.us\/italokul\/?page_id=2029"},"modified":"2019-06-26T11:54:46","modified_gmt":"2019-06-26T08:54:46","slug":"siniflarimiz","status":"publish","type":"page","link":"https:\/\/italokul.k12.tr\/?page_id=2029","title":{"rendered":"S\u0131n\u0131flar\u0131m\u0131z"},"content":{"rendered":"<p>[vc_row css=&#8221;.vc_custom_1435816078010{margin-bottom: 15px !important;}&#8221;][vc_column width=&#8221;1\/3&#8243;][vc_column_text]<strong>Yabanc\u0131 Diller S\u0131n\u0131f\u0131<\/strong><\/p>\n<p><strong>Bilgisayar S\u0131n\u0131f\u0131<\/strong><\/p>\n<p><strong>M\u00fczik\u00a0S\u0131n\u0131f\u0131<\/strong><\/p>\n<p><strong>Sanat\u00a0S\u0131n\u0131f\u0131<\/strong><\/p>\n<p><strong>Botanik Laboratuvar\u0131<\/strong>[\/vc_column_text][\/vc_column][vc_column width=&#8221;1\/3&#8243;][vc_single_image image=&#8221;1649&#8243; img_size=&#8221;370X245&#8243; onclick=&#8221;link_image&#8221; css=&#8221;.vc_custom_1482221992741{margin-top: 16px !important;margin-bottom: 30px !important;}&#8221;][vc_single_image image=&#8221;1653&#8243; img_size=&#8221;370X245&#8243; onclick=&#8221;link_image&#8221; css=&#8221;.vc_custom_1482222014981{margin-top: 16px !important;margin-bottom: 30px !important;}&#8221;][\/vc_column][vc_column width=&#8221;1\/3&#8243;][vc_single_image image=&#8221;2577&#8243; img_size=&#8221;370X245&#8243; onclick=&#8221;link_image&#8221; css=&#8221;.vc_custom_1482222006229{margin-top: 16px !important;margin-bottom: 30px !important;}&#8221;][vc_single_image image=&#8221;2086&#8243; img_size=&#8221;370X245&#8243; onclick=&#8221;link_image&#8221; css=&#8221;.vc_custom_1482222031200{margin-top: 16px !important;}&#8221;][\/vc_column][\/vc_row]<\/p>\n","protected":false},"excerpt":{"rendered":"<p>[vc_row css=&#8221;.vc_custom_1435816078010{margin-bottom: 15px !important;}&#8221;][vc_column width=&#8221;1\/3&#8243;][vc_column_text]Yabanc\u0131 Diller S\u0131n\u0131f\u0131 Bilgisayar S\u0131n\u0131f\u0131 M\u00fczik\u00a0S\u0131n\u0131f\u0131 Sanat\u00a0S\u0131n\u0131f\u0131 Botanik Laboratuvar\u0131[\/vc_column_text][\/vc_column][vc_column width=&#8221;1\/3&#8243;][vc_single_image image=&#8221;1649&#8243; img_size=&#8221;370X245&#8243; onclick=&#8221;link_image&#8221; css=&#8221;.vc_custom_1482221992741{margin-top: 16px !important;margin-bottom: 30px !important;}&#8221;][vc_single_image image=&#8221;1653&#8243; img_size=&#8221;370X245&#8243; onclick=&#8221;link_image&#8221; css=&#8221;.vc_custom_1482222014981{margin-top: 16px !important;margin-bottom: 30px !important;}&#8221;][\/vc_column][vc_column width=&#8221;1\/3&#8243;][vc_single_image image=&#8221;2577&#8243; img_size=&#8221;370X245&#8243; onclick=&#8221;link_image&#8221; css=&#8221;.vc_custom_1482222006229{margin-top: 16px !important;margin-bottom: 30px !important;}&#8221;][vc_single_image image=&#8221;2086&#8243; img_size=&#8221;370X245&#8243; onclick=&#8221;link_image&#8221; css=&#8221;.vc_custom_1482222031200{margin-top: 16px !important;}&#8221;][\/vc_column][\/vc_row]<\/p>\n","protected":false},"author":1,"featured_media":0,"parent":0,"menu_order":0,"comment_status":"closed","ping_status":"closed","template":"","meta":{"footnotes":""},"class_list":["post-2029","page","type-page","status-publish","hentry"],"_links":{"self":[{"href":"https:\/\/italokul.k12.tr\/index.php?rest_route=\/wp\/v2\/pages\/2029","targetHints":{"allow":["GET"]}}],"collection":[{"href":"https:\/\/italokul.k12.tr\/index.php?rest_route=\/wp\/v2\/pages"}],"about":[{"href":"https:\/\/italokul.k12.tr\/index.php?rest_route=\/wp\/v2\/types\/page"}],"author":[{"embeddable":true,"href":"https:\/\/italokul.k12.tr\/index.php?rest_route=\/wp\/v2\/users\/1"}],"replies":[{"embeddable":true,"href":"https:\/\/italokul.k12.tr\/index.php?rest_route=%2Fwp%2Fv2%2Fcomments&post=2029"}],"version-history":[{"count":10,"href":"https:\/\/italokul.k12.tr\/index.php?rest_route=\/wp\/v2\/pages\/2029\/revisions"}],"predecessor-version":[{"id":3758,"href":"https:\/\/italokul.k12.tr\/index.php?rest_route=\/wp\/v2\/pages\/2029\/revisions\/3758"}],"wp:attachment":[{"href":"https:\/\/italokul.k12.tr\/index.php?rest_route=%2Fwp%2Fv2%2Fmedia&parent=2029"}],"curies":[{"name":"wp","href":"https:\/\/api.w.org\/{rel}","templated":true}]}}